s 52 a factor of 96?
False
Does 58 divide 13127?
False
Is 859 a multiple of 8?
False
Is 33 a factor of 561?
True
Is 18 a factor of 26388?
True
Is 10 a factor of 45170?
True
Does 81 divide 14570?
False
Is 20672 a multiple of 76?
True
Is 213 a multiple of 5?
False
Is 9254 a multiple of 30?
False
Is 1152 a multiple of 32?
True
Does 28 divide 10135?
False
Is 16 a factor of 61808?
True
Is 13 a factor of 3536?
True
Is 33 a factor of 561?
True
Is 1172 a multiple of 14?
False
Is 6596 a multiple of 29?
False
Is 19586 a multiple of 17?
False
Does 86 divide 1954?
False
Is 2810 a multiple of 5?
True
Is 67 a multiple of 3?
False
Is 1025 a multiple of 15?
False
Is 61 a factor of 996?
False
Is 40 a factor of 520?
True
Is 2 a factor of 3555?
False
Is 1819 a multiple of 17?
True
Is 8 a factor of 8472?
True
Does 28 divide 14448?
True
Is 5220 a multiple of 21?
False
Is 35 a factor of 3815?
True
Is 79 a factor of 8848?
True
Does 12 divide 5544?
True
Is 14 a factor of 1938?
False
Is 1572 even?
True
Is 130 a factor of 3007?
False
Does 21 divide 1024?
False
Does 13 divide 7176?
True
Is 19 a factor of 1878?
False
Does 9 divide 2073?
False
Is 18 a factor of 1188?
True
Does 7 divide 385?
True
Is 15 a factor of 162?
False
Does 67 divide 402?
True
Does 48 divide 3456?
True
Is 24 a multiple of 12?
True
Is 124 a factor of 6774?
False
Does 12 divide 1205?
False
Does 13 divide 1534?
True
Is 8 a factor of 1736?
True
Is 2765 a multiple of 7?
True
Is 48109 a multiple of 52?
False
Does 12 divide 1510?
False
Does 14 divide 994?
True
Is 19 a factor of 1841?
False
Does 21 divide 118377?
True
Is 9 a factor of 6867?
True
Is 4127 a multiple of 37?
False
Is 4578 a multiple of 24?
False
Is 158 a factor of 33812?
True
Is 82 a factor of 2973?
False
Does 12 divide 2964?
True
Does 175 divide 33600?
True
Does 16 divide 7056?
True
Does 24 divide 20208?
True
Is 216 a multiple of 12?
True
Does 27 divide 681?
False
Is 74 a factor of 1036?
True
Does 18 divide 15606?
True
Is 19 a factor of 42?
False
Is 112 a factor of 42432?
False
Does 10 divide 29980?
True
Is 65064 a multiple of 24?
True
Is 53 a factor of 4279?
False
Does 36 divide 21564?
True
Is 6507 a multiple of 27?
True
Does 5 divide 20610?
True
Does 10 divide 38777?
False
Is 3224 a multiple of 104?
True
Is 5 a factor of 2940?
True
Is 70 a factor of 53354?
False
Is 54768 a multiple of 7?
True
Is 5 a factor of 4351?
False
Is 228 a factor of 39672?
True
Is 47 a factor of 7782?
False
Is 4080 a multiple of 85?
True
Does 21 divide 34343?
False
Does 23 divide 9105?
False
Does 7 divide 791?
True
Is 25 a factor of 657?
False
Is 1862 a multiple of 73?
False
Is 36 a factor of 19296?
True
Does 4 divide 2020?
True
Is 12 a factor of 647?
False
Is 26 a factor of 2340?
True
Is 1113 a multiple of 41?
False
Is 30381 a multiple of 247?
True
Is 9 a factor of 2520?
True
Is 756 a multiple of 14?
True
Is 32 a factor of 928?
True
Does 2 divide 10?
True
Is 675 a multiple of 15?
True
Does 360 divide 45000?
True
Does 23 divide 391?
True
Is 324 a multiple of 54?
True
Does 48 divide 384?
True
Is 1280 a multiple of 8?
True
Is 22201 a multiple of 199?
False
Is 1912 a multiple of 88?
False
Is 4 a factor of 300?
True
Is 365 a multiple of 61?
False
Is 605 a multiple of 11?
True
Is 17 a factor of 1122?
True
Does 319 divide 115797?
True
Does 8 divide 8?
True
Is 6480 a multiple of 144?
True
Is 12431 a multiple of 3?
False
Does 13 divide 7189?
True
Is 15603 a multiple of 15?
False
Does 13 divide 18490?
False
Is 1190 a multiple of 17?
True
Is 7188 a multiple of 5?
False
Is 49 a factor of 1323?
True
Is 15916 a multiple of 23?
True
Is 1695 a multiple of 15?
True
Is 2 a factor of 190?
True
Does 31 divide 14167?
True
Is 571 a multiple of 4?
False
Is 20 a factor of 300?
True
Is 138 a factor of 4349?
False
Is 3885 a multiple of 21?
True
Does 61 divide 976?
True
Does 19 divide 41971?
True
Is 15647 a multiple of 14?
False
Is 511 a multiple of 3?
False
Is 16940 a multiple of 8?
False
Is 15 a factor of 480?
True
Is 875 a multiple of 4?
False
Is 7201 a multiple of 19?
True
Is 928 a multiple of 14?
False
Does 11 divide 2992?
True
Does 52 divide 6316?
False
Does 7 divide 161?
True
Is 6 a factor of 146?
False
Is 37 a factor of 296?
True
Does 13 divide 3432?
True
Does 122 divide 2318?
True
Does 23 divide 38944?
False
Is 104 a factor of 27879?
False
Is 9 a factor of 330?
False
Does 10 divide 41630?
True
Is 56 a factor of 17864?
True
Is 404 a multiple of 7?
False
Does 12 divide 2882?
False
Is 4672 a multiple of 32?
True
Is 1388 a multiple of 59?
False
Is 3 a factor of 2051?
False
Is 73 a factor of 41735?
False
Is 2402 a multiple of 12?
False
Does 2 divide 189?
False
Is 3 a factor of 534?
True
Is 3200 a multiple of 16?
True
Is 1035 a multiple of 9?
True
Is 42 a factor of 1418?
False
Is 3 a factor of 228?
True
Is 1519 a multiple of 3?
False
Does 96 divide 18720?
True
Is 16 a factor of 42858?
False
Is 9 a factor of 3085?
False
Is 4209 a multiple of 23?
True
Is 6 a factor of 948?
True
Is 23 a multiple of 2?
False
Does 41 divide 984?
True
Is 23 a factor of 2990?
True
Is 19320 a multiple of 180?
False
Does 85 divide 7221?
False
Does 11 divide 18993?
False
Does 50 divide 97?
False
Is 85 a factor of 255?
True
Is 42 a factor of 630?
True
Is 27 a factor of 490?
False
Does 3 divide 4877?
False
Is 11 a factor of 11605?
True
Is 3297 a multiple of 154?
False
Does 2 divide 176?
True
Does 17 divide 2463?
False
Is 16020 a multiple of 18?
True
Is 55 a factor of 1375?
True
Is 65 a factor of 1667?
False
Is 616 a multiple of 14?
True
Is 26 a factor of 69498?
True
Is 14 a factor of 12950?
True
Is 15888 a multiple of 16?
True
Is 13 a factor of 832?
True
Is 88 a factor of 29568?
True
Is 540 a multiple of 39?
False
Does 94 divide 33891?
False
Does 66 divide 124344?
True
Is 595 a multiple of 2?
False
Is 68391 a multiple of 9?
True
Is 18 a factor of 23778?
True
Is 62118 a multiple of 261?
True
Does 105 divide 23154?
False
Is 14 a factor of 308?
True
Is 19 a factor of 20804?
False
Is 7664 a multiple of 273?
False
Does 256 divide 38165?
False
Is 93 a factor of 34753?
False
Is 65920 a multiple of 20?
True
Is 6272 a multiple of 32?
True
Is 702 a multiple of 11?
False
Does 3 divide 2357?
False
Is 910 a multiple of 7?
True
Is 10136 a multiple of 28?
True
Does 35 divide 32130?
True
Is 20 a factor of 855?
False
Is 47 a factor of 6443?
False
Does 110 divide 2530?
True
Is 194 a multiple of 28?
False
Does 13 divide 273?
True
Is 24497 a multiple of 23?
False
Is 110 a factor of 8639?
False
Is 13 a factor of 36309?
True
Does 47 divide 423?
True
Does 14 divide 952?
True
Is 14 a factor of 451?
False
Does 93 divide 10602?
True
Is 4 a factor of 724?
True
Is 7 a factor of 4489?
False
Does 51 divide 1479?
True
Does 3 divide 642?
True
Is 29 a factor of 3973?
True
Is 54 a factor of 2376?
True
Does 13 divide 6142?
False
Is 552 a multiple of 18?
False
Is 77189 a multiple of 29?
False
Is 609 a multiple of 43?
False
Is 9579 a multiple of 81?
False
Is 31403 a multiple of 15?
False
Is 30 a factor of 42450?
True
Does 15 divide 1598?
False
Is 45 a factor of 726?
False
Does 57 divide 45465?
False
Is 8038 a multiple of 33?
False
Is 397 a multiple of 10?
False
Is 140 a multiple of 20?
True
Is 39 a factor of 1249?
False
Is 27 a factor of 540?
True
Is 3 a factor of 5562?
True
Is 119 a factor of 1666?
True
Is 120 a factor of 9240?
True
Does 22 divide 46002?
True
Does 56 divide 2296?
True
Is 47695 a multiple of 24?
False
Is 9144 a multiple of 24?
True
Does 33 divide 2000?
False
Does 30 divide 4380?
True
Is 142 a factor of 30814?
True
Is 46 a factor of 23736?
True
Is 22 a factor of 1298?
True
Does 45 divide 48788?
False
Is 6327 a multiple of 19?
True
Does 71 divide 2485?
True
Does 51 divide 7497?
True
Is 7 a factor of 1053?
False
Does 36 divide 16776?
True
Is 18 a factor of 594?
True
Is 3 a factor of 183?
True
Is 43 a factor of 7993?
False
Is 28 a factor of 29669?
False
Does 192 divide 7533?
False
Is 2625 a multiple of 125?
True
Is 51 a multiple of 2?
False
Is 5374 a multiple of 15?
False
Does 46 divide 1867?
False
Is 3 a factor of 33?
True
Is 99 a factor of 938?
False
Is 45 a factor of 675?
True
Is 19 a factor of 13441?
False
Does 34 divide 204?
True
Is 15 a factor of 39455?
False
Is 27 a factor of 1053?
True
Is 173887 a multiple of 74?
False
Does 29 div